{"id":8,"date":"2024-04-19T14:55:57","date_gmt":"2024-04-19T14:55:57","guid":{"rendered":"https:\/\/planiphare.fortedev.ca\/?page_id=8"},"modified":"2025-10-06T17:44:44","modified_gmt":"2025-10-06T17:44:44","slug":"accueil","status":"publish","type":"page","link":"https:\/\/planiphare.com\/","title":{"rendered":"Accueil"},"content":{"rendered":"\t\t<div data-elementor-type=\"wp-page\" data-elementor-id=\"8\" class=\"elementor elementor-8\" data-elementor-post-type=\"page\">\n\t\t\t\t<div class=\"elementor-element elementor-element-76f688a e-flex e-con-boxed e-con e-parent\" data-id=\"76f688a\" data-element_type=\"container\">\n\t\t\t\t\t<div class=\"e-con-inner\">\n\t\t\t\t<div class=\"elementor-element elementor-element-99da0d3 elementor-widget elementor-widget-heading\" data-id=\"99da0d3\" data-element_type=\"widget\" data-widget_type=\"heading.default\">\n\t\t\t\t<div class=\"elementor-widget-container\">\n\t\t\t<style>\/*! elementor - v3.21.0 - 08-05-2024 *\/\n.elementor-heading-title{padding:0;margin:0;line-height:1}.elementor-widget-heading .elementor-heading-title[class*=elementor-size-]>a{color:inherit;font-size:inherit;line-height:inherit}.elementor-widget-heading .elementor-heading-title.elementor-size-small{font-size:15px}.elementor-widget-heading .elementor-heading-title.elementor-size-medium{font-size:19px}.elementor-widget-heading .elementor-heading-title.elementor-size-large{font-size:29px}.elementor-widget-heading .elementor-heading-title.elementor-size-xl{font-size:39px}.elementor-widget-heading .elementor-heading-title.elementor-size-xxl{font-size:59px}<\/style><h2 class=\"elementor-heading-title elementor-size-default\">Planificateurs Financiers<\/h2>\t\t<\/div>\n\t\t\t\t<\/div>\n\t\t\t\t<div class=\"elementor-element elementor-element-58d3d67 elementor-widget elementor-widget-image\" data-id=\"58d3d67\" data-element_type=\"widget\" data-widget_type=\"image.default\">\n\t\t\t\t<div class=\"elementor-widget-container\">\n\t\t\t<style>\/*! elementor - v3.21.0 - 08-05-2024 *\/\n.elementor-widget-image{text-align:center}.elementor-widget-image a{display:inline-block}.elementor-widget-image a img[src$=\".svg\"]{width:48px}.elementor-widget-image img{vertical-align:middle;display:inline-block}<\/style>\t\t\t\t\t\t\t\t\t\t<img fetchpriority=\"high\" decoding=\"async\" width=\"2000\" height=\"375\" src=\"https:\/\/planiphare.com\/wp-content\/uploads\/2024\/04\/fiscalite-plani-phare.jpg\" class=\"attachment-2048x2048 size-2048x2048 wp-image-387\" alt=\"\" srcset=\"https:\/\/planiphare.com\/wp-content\/uploads\/2024\/04\/fiscalite-plani-phare.jpg 2000w, https:\/\/planiphare.com\/wp-content\/uploads\/2024\/04\/fiscalite-plani-phare-300x56.jpg 300w, https:\/\/planiphare.com\/wp-content\/uploads\/2024\/04\/fiscalite-plani-phare-1024x192.jpg 1024w, https:\/\/planiphare.com\/wp-content\/uploads\/2024\/04\/fiscalite-plani-phare-768x144.jpg 768w, https:\/\/planiphare.com\/wp-content\/uploads\/2024\/04\/fiscalite-plani-phare-1536x288.jpg 1536w\" sizes=\"(max-width: 2000px) 100vw, 2000px\" \/>\t\t\t\t\t\t\t\t\t\t\t\t\t<\/div>\n\t\t\t\t<\/div>\n\t\t\t\t\t<\/div>\n\t\t\t\t<\/div>\n\t\t<div class=\"elementor-element elementor-element-5bb130f e-flex e-con-boxed e-con e-parent\" data-id=\"5bb130f\" data-element_type=\"container\">\n\t\t\t\t\t<div class=\"e-con-inner\">\n\t\t\t\t<div class=\"elementor-element elementor-element-58c965c elementor-widget elementor-widget-heading\" data-id=\"58c965c\" data-element_type=\"widget\" data-widget_type=\"heading.default\">\n\t\t\t\t<div class=\"elementor-widget-container\">\n\t\t\t<h2 class=\"elementor-heading-title elementor-size-default\">Plani-Phare inc.<\/h2>\t\t<\/div>\n\t\t\t\t<\/div>\n\t\t\t\t<div class=\"elementor-element elementor-element-12b1787 elementor-widget elementor-widget-text-editor\" data-id=\"12b1787\" data-element_type=\"widget\" data-widget_type=\"text-editor.default\">\n\t\t\t\t<div class=\"elementor-widget-container\">\n\t\t\t<style>\/*! elementor - v3.21.0 - 08-05-2024 *\/\n.elementor-widget-text-editor.elementor-drop-cap-view-stacked .elementor-drop-cap{background-color:#69727d;color:#fff}.elementor-widget-text-editor.elementor-drop-cap-view-framed .elementor-drop-cap{color:#69727d;border:3px solid;background-color:transparent}.elementor-widget-text-editor:not(.elementor-drop-cap-view-default) .elementor-drop-cap{margin-top:8px}.elementor-widget-text-editor:not(.elementor-drop-cap-view-default) .elementor-drop-cap-letter{width:1em;height:1em}.elementor-widget-text-editor .elementor-drop-cap{float:left;text-align:center;line-height:1;font-size:50px}.elementor-widget-text-editor .elementor-drop-cap-letter{display:inline-block}<\/style>\t\t\t\t<p>Le consommateur parcourt de nombreux chemins afin d&rsquo;aller chercher la gamme compl\u00e8te des services financiers dont il a besoin. Il est \u00e9galement le seul au courant de l&rsquo;ensemble de sa situation afin de juger des meilleures d\u00e9cisions \u00e0 prendre.<\/p><p>Le planificateur financier est la personne-cl\u00e9 poss\u00e9dant la formation de niveau universitaire requise pour vous venir en aide. Il est en mesure de tracer un plan d&rsquo;action suite \u00e0 une analyse compl\u00e8te et mettre en application ses recommandations.<\/p><p>Ainsi, <strong>trois objectifs importants sont atteints<\/strong>:<\/p><p>L&rsquo;<strong>avantage<\/strong> d&rsquo;une planification financi\u00e8re professionnelle, la recherche et la n\u00e9gociation des transactions financi\u00e8res les plus profitables \u00e0 travers une multitude de possibilit\u00e9s ainsi que le suivi du dossier du client dans le contexte l\u00e9gal, fiscal et conjoncture \u00e9conomique pouvant influencer positivement ou n\u00e9gativement la situation financi\u00e8re du client.<\/p><p>Dans ce contexte <strong>Plani-Phare Inc.<\/strong> s&rsquo;engage \u00e0 faire le suivi du dossier du client, c&rsquo;est ainsi que tous ces objectifs deviendront la pierre angulaire d&rsquo;un travail professionnel.<\/p>\t\t\t\t\t\t<\/div>\n\t\t\t\t<\/div>\n\t\t\t\t\t<\/div>\n\t\t\t\t<\/div>\n\t\t<div class=\"elementor-element elementor-element-9eac086 e-flex e-con-boxed e-con e-parent\" data-id=\"9eac086\" data-element_type=\"container\">\n\t\t\t\t\t<div class=\"e-con-inner\">\n\t\t<div class=\"elementor-element elementor-element-53f6669 e-con-full e-flex e-con e-child\" data-id=\"53f6669\" data-element_type=\"container\">\n\t\t\t\t<div class=\"elementor-element elementor-element-987e11d elementor-widget elementor-widget-heading\" data-id=\"987e11d\" data-element_type=\"widget\" data-widget_type=\"heading.default\">\n\t\t\t\t<div class=\"elementor-widget-container\">\n\t\t\t<h2 class=\"elementor-heading-title elementor-size-default\">\u00c9quipe<\/h2>\t\t<\/div>\n\t\t\t\t<\/div>\n\t\t\t\t<div class=\"elementor-element elementor-element-a01620e elementor-widget elementor-widget-text-editor\" data-id=\"a01620e\" data-element_type=\"widget\" data-widget_type=\"text-editor.default\">\n\t\t\t\t<div class=\"elementor-widget-container\">\n\t\t\t\t\t\t\t<p>Anne-Marie Gauthier, <em>Pr\u00e9sidente<\/em><\/p><p>Pierre-Jacques Gauthier, <em>Vice-pr\u00e9sident<\/em><\/p><p>H\u00e9l\u00e8ne Lachance, <em>Adjointe administrative<\/em><\/p><p>Yves Mino, <em>Conseiller\u00a0<\/em><\/p><p>Marie-Ren\u00e9e Baillargeon, Conseill\u00e8re<\/p><p>Lionel Villeneuve, <em>Conseiller\u00a0<\/em><\/p><p>Isabelle Savard, <em>M\u00e9diatrice matrimoniale<\/em><\/p><p>\u00a0<\/p>\t\t\t\t\t\t<\/div>\n\t\t\t\t<\/div>\n\t\t\t\t<\/div>\n\t\t<div class=\"elementor-element elementor-element-d9eaec2 e-con-full e-flex e-con e-child\" data-id=\"d9eaec2\" data-element_type=\"container\">\n\t\t\t\t<div class=\"elementor-element elementor-element-6a2a184 elementor-widget__width-initial elementor-widget elementor-widget-image\" data-id=\"6a2a184\" data-element_type=\"widget\" data-widget_type=\"image.default\">\n\t\t\t\t<div class=\"elementor-widget-container\">\n\t\t\t\t\t\t\t\t\t\t\t\t\t<img decoding=\"async\" width=\"800\" height=\"800\" src=\"https:\/\/planiphare.com\/wp-content\/uploads\/2024\/04\/anne-marie-gauthier-2-1024x1024.jpg\" class=\"attachment-large size-large wp-image-483\" alt=\"\" srcset=\"https:\/\/planiphare.com\/wp-content\/uploads\/2024\/04\/anne-marie-gauthier-2-1024x1024.jpg 1024w, https:\/\/planiphare.com\/wp-content\/uploads\/2024\/04\/anne-marie-gauthier-2-300x300.jpg 300w, https:\/\/planiphare.com\/wp-content\/uploads\/2024\/04\/anne-marie-gauthier-2-150x150.jpg 150w, https:\/\/planiphare.com\/wp-content\/uploads\/2024\/04\/anne-marie-gauthier-2-768x768.jpg 768w, https:\/\/planiphare.com\/wp-content\/uploads\/2024\/04\/anne-marie-gauthier-2-1536x1536.jpg 1536w, https:\/\/planiphare.com\/wp-content\/uploads\/2024\/04\/anne-marie-gauthier-2.jpg 2048w\" sizes=\"(max-width: 800px) 100vw, 800px\" \/>\t\t\t\t\t\t\t\t\t\t\t\t\t<\/div>\n\t\t\t\t<\/div>\n\t\t\t\t<div class=\"elementor-element elementor-element-d513d98 elementor-widget elementor-widget-text-editor\" data-id=\"d513d98\" data-element_type=\"widget\" data-widget_type=\"text-editor.default\">\n\t\t\t\t<div class=\"elementor-widget-container\">\n\t\t\t\t\t\t\t<p><strong>Anne-Marie Gauthier<\/strong><br \/>Planificateur financier<br \/>Conseill\u00e8re en s\u00e9curit\u00e9 financi\u00e8re<br \/>Courtier Hypoth\u00e9caire<br \/>Repr\u00e9sentante de courtier en \u00e9pargne collective<br \/>aupr\u00e8s de M\u00e9rici Services Financiers Inc.<\/p>\t\t\t\t\t\t<\/div>\n\t\t\t\t<\/div>\n\t\t\t\t<\/div>\n\t\t<div class=\"elementor-element elementor-element-6b1085b e-con-full e-flex e-con e-child\" data-id=\"6b1085b\" data-element_type=\"container\">\n\t\t\t\t<div class=\"elementor-element elementor-element-aecf147 elementor-widget__width-initial elementor-widget elementor-widget-image\" data-id=\"aecf147\" data-element_type=\"widget\" data-widget_type=\"image.default\">\n\t\t\t\t<div class=\"elementor-widget-container\">\n\t\t\t\t\t\t\t\t\t\t\t\t\t<img decoding=\"async\" width=\"700\" height=\"700\" src=\"https:\/\/planiphare.com\/wp-content\/uploads\/2024\/05\/Pirre-Jacques-Gauthier-2-copy-1.jpg\" class=\"attachment-large size-large wp-image-678\" alt=\"\" srcset=\"https:\/\/planiphare.com\/wp-content\/uploads\/2024\/05\/Pirre-Jacques-Gauthier-2-copy-1.jpg 700w, https:\/\/planiphare.com\/wp-content\/uploads\/2024\/05\/Pirre-Jacques-Gauthier-2-copy-1-300x300.jpg 300w, https:\/\/planiphare.com\/wp-content\/uploads\/2024\/05\/Pirre-Jacques-Gauthier-2-copy-1-150x150.jpg 150w\" sizes=\"(max-width: 700px) 100vw, 700px\" \/>\t\t\t\t\t\t\t\t\t\t\t\t\t<\/div>\n\t\t\t\t<\/div>\n\t\t\t\t<div class=\"elementor-element elementor-element-b4db762 elementor-widget elementor-widget-text-editor\" data-id=\"b4db762\" data-element_type=\"widget\" data-widget_type=\"text-editor.default\">\n\t\t\t\t<div class=\"elementor-widget-container\">\n\t\t\t\t\t\t\t<p><strong>Pierre-Jacques Gauthier<\/strong><br \/>Repr\u00e9sentant de courtier en \u00e9pargne collective<br \/>aupr\u00e8s de M\u00e9rici Services Financiers Inc.<br \/>Conseiller en s\u00e9curit\u00e9 financi\u00e8re<br \/>Courtier hypoth\u00e9caire<br \/>Conseiller en assurance et rentes collectives<\/p>\t\t\t\t\t\t<\/div>\n\t\t\t\t<\/div>\n\t\t\t\t<\/div>\n\t\t\t\t\t<\/div>\n\t\t\t\t<\/div>\n\t\t<div class=\"elementor-element elementor-element-d9eeb30 e-flex e-con-boxed e-con e-parent\" data-id=\"d9eeb30\" data-element_type=\"container\">\n\t\t\t\t\t<div class=\"e-con-inner\">\n\t\t\t\t<div class=\"elementor-element elementor-element-4000ac2 elementor-widget elementor-widget-heading\" data-id=\"4000ac2\" data-element_type=\"widget\" data-widget_type=\"heading.default\">\n\t\t\t\t<div class=\"elementor-widget-container\">\n\t\t\t<h2 class=\"elementor-heading-title elementor-size-default\">D\u00e9marche en planification financi\u00e8re personnelle int\u00e9gr\u00e9e<\/h2>\t\t<\/div>\n\t\t\t\t<\/div>\n\t\t\t\t<div class=\"elementor-element elementor-element-a471944 elementor-widget elementor-widget-text-editor\" data-id=\"a471944\" data-element_type=\"widget\" data-widget_type=\"text-editor.default\">\n\t\t\t\t<div class=\"elementor-widget-container\">\n\t\t\t\t\t\t\t<p>Appliquant, dans chacun des domaines d&rsquo;intervention, les 10 \u00e9tapes de la d\u00e9marche en planification financi\u00e8re personnelle int\u00e9gr\u00e9e, le planificateur financier:<\/p><ul><li>Explique la d\u00e9marche au client et son r\u00f4le en tant que planificateur financier<\/li><li>D\u00e9termine son mandat avec le client<\/li><li>Effectue une cueillette de donn\u00e9es<\/li><li>D\u00e9termine les objectifs du client<\/li><li>Analyse la situation actuelle du client<\/li><li>Formule des recommandations et strat\u00e9gies<\/li><li>R\u00e9dige le rapport de planification financi\u00e8re personnelle<\/li><li>Pr\u00e9sente le rapport au client<\/li><li>Ex\u00e9cute les recommandations et strat\u00e9gies appropri\u00e9es<ul><li>V\u00e9rification du march\u00e9 \u00ab soumission \u00bb<\/li><li>N\u00e9gociation de transactions<\/li><li>Ex\u00e9cution des transactions<\/li><\/ul><\/li><li>Effectue r\u00e9guli\u00e8rement le suivi du dossier<ul><li>Changements fiscaux et l\u00e9gaux<\/li><li>Renouvellement de transaction<\/li><\/ul><\/li><\/ul>\t\t\t\t\t\t<\/div>\n\t\t\t\t<\/div>\n\t\t\t\t\t<\/div>\n\t\t\t\t<\/div>\n\t\t<footer class=\"elementor-element elementor-element-28856346 e-con-full e-flex e-con e-parent\" data-id=\"28856346\" data-element_type=\"container\">\n\t\t<div class=\"elementor-element elementor-element-2daadf45 e-con-full e-flex e-con e-child\" data-id=\"2daadf45\" data-element_type=\"container\">\n\t\t\t\t<div class=\"elementor-element elementor-element-11ddf987 elementor-icon-list--layout-inline elementor-tablet-align-center elementor-align-center elementor-list-item-link-full_width elementor-widget elementor-widget-icon-list\" data-id=\"11ddf987\" data-element_type=\"widget\" data-widget_type=\"icon-list.default\">\n\t\t\t\t<div class=\"elementor-widget-container\">\n\t\t\t<link rel=\"stylesheet\" href=\"https:\/\/planiphare.com\/wp-content\/plugins\/elementor\/assets\/css\/widget-icon-list.min.css\">\t\t<ul class=\"elementor-icon-list-items elementor-inline-items\">\n\t\t\t\t\t\t\t<li class=\"elementor-icon-list-item elementor-inline-item\">\n\t\t\t\t\t\t\t\t\t\t\t<span class=\"elementor-icon-list-icon\">\n\t\t\t\t\t\t\t<svg aria-hidden=\"true\" class=\"e-font-icon-svg e-fas-phone\" viewBox=\"0 0 512 512\" xmlns=\"http:\/\/www.w3.org\/2000\/svg\"><path d=\"M493.4 24.6l-104-24c-11.3-2.6-22.9 3.3-27.5 13.9l-48 112c-4.2 9.8-1.4 21.3 6.9 28l60.6 49.6c-36 76.7-98.9 140.5-177.2 177.2l-49.6-60.6c-6.8-8.3-18.2-11.1-28-6.9l-112 48C3.9 366.5-2 378.1.6 389.4l24 104C27.1 504.2 36.7 512 48 512c256.1 0 464-207.5 464-464 0-11.2-7.7-20.9-18.6-23.4z\"><\/path><\/svg>\t\t\t\t\t\t<\/span>\n\t\t\t\t\t\t\t\t\t\t<span class=\"elementor-icon-list-text\">418-875-4305<\/span>\n\t\t\t\t\t\t\t\t\t<\/li>\n\t\t\t\t\t\t\t\t<li class=\"elementor-icon-list-item elementor-inline-item\">\n\t\t\t\t\t\t\t\t\t\t\t<span class=\"elementor-icon-list-icon\">\n\t\t\t\t\t\t\t<svg aria-hidden=\"true\" class=\"e-font-icon-svg e-fas-fax\" viewBox=\"0 0 512 512\" xmlns=\"http:\/\/www.w3.org\/2000\/svg\"><path d=\"M480 160V77.25a32 32 0 0 0-9.38-22.63L425.37 9.37A32 32 0 0 0 402.75 0H160a32 32 0 0 0-32 32v448a32 32 0 0 0 32 32h320a32 32 0 0 0 32-32V192a32 32 0 0 0-32-32zM288 432a16 16 0 0 1-16 16h-32a16 16 0 0 1-16-16v-32a16 16 0 0 1 16-16h32a16 16 0 0 1 16 16zm0-128a16 16 0 0 1-16 16h-32a16 16 0 0 1-16-16v-32a16 16 0 0 1 16-16h32a16 16 0 0 1 16 16zm128 128a16 16 0 0 1-16 16h-32a16 16 0 0 1-16-16v-32a16 16 0 0 1 16-16h32a16 16 0 0 1 16 16zm0-128a16 16 0 0 1-16 16h-32a16 16 0 0 1-16-16v-32a16 16 0 0 1 16-16h32a16 16 0 0 1 16 16zm0-112H192V64h160v48a16 16 0 0 0 16 16h48zM64 128H32a32 32 0 0 0-32 32v320a32 32 0 0 0 32 32h32a32 32 0 0 0 32-32V160a32 32 0 0 0-32-32z\"><\/path><\/svg>\t\t\t\t\t\t<\/span>\n\t\t\t\t\t\t\t\t\t\t<span class=\"elementor-icon-list-text\">418-875-0413<\/span>\n\t\t\t\t\t\t\t\t\t<\/li>\n\t\t\t\t\t\t\t\t<li class=\"elementor-icon-list-item elementor-inline-item\">\n\t\t\t\t\t\t\t\t\t\t<span class=\"elementor-icon-list-text\">4745 rue de la Promenade-des-Soeurs, Qu\u00e9bec,  G1Y 2W2<\/span>\n\t\t\t\t\t\t\t\t\t<\/li>\n\t\t\t\t\t\t\t\t<li class=\"elementor-icon-list-item elementor-inline-item\">\n\t\t\t\t\t\t\t\t\t\t\t<a href=\"mailto:pp@planiphare.com\" target=\"_blank\">\n\n\t\t\t\t\t\t\t\t\t\t\t\t<span class=\"elementor-icon-list-icon\">\n\t\t\t\t\t\t\t<svg aria-hidden=\"true\" class=\"e-font-icon-svg e-fas-envelope\" viewBox=\"0 0 512 512\" xmlns=\"http:\/\/www.w3.org\/2000\/svg\"><path d=\"M502.3 190.8c3.9-3.1 9.7-.2 9.7 4.7V400c0 26.5-21.5 48-48 48H48c-26.5 0-48-21.5-48-48V195.6c0-5 5.7-7.8 9.7-4.7 22.4 17.4 52.1 39.5 154.1 113.6 21.1 15.4 56.7 47.8 92.2 47.6 35.7.3 72-32.8 92.3-47.6 102-74.1 131.6-96.3 154-113.7zM256 320c23.2.4 56.6-29.2 73.4-41.4 132.7-96.3 142.8-104.7 173.4-128.7 5.8-4.5 9.2-11.5 9.2-18.9v-19c0-26.5-21.5-48-48-48H48C21.5 64 0 85.5 0 112v19c0 7.4 3.4 14.3 9.2 18.9 30.6 23.9 40.7 32.4 173.4 128.7 16.8 12.2 50.2 41.8 73.4 41.4z\"><\/path><\/svg>\t\t\t\t\t\t<\/span>\n\t\t\t\t\t\t\t\t\t\t<span class=\"elementor-icon-list-text\">courriel<\/span>\n\t\t\t\t\t\t\t\t\t\t\t<\/a>\n\t\t\t\t\t\t\t\t\t<\/li>\n\t\t\t\t\t\t<\/ul>\n\t\t\t\t<\/div>\n\t\t\t\t<\/div>\n\t\t\t\t<\/div>\n\t\t\t\t<\/footer>\n\t\t\t\t<\/div>\n\t\t","protected":false},"excerpt":{"rendered":"<p>Planificateurs Financiers Plani-Phare inc. Le consommateur parcourt de nombreux chemins afin d&rsquo;aller chercher la gamme compl\u00e8te des services financiers dont il a besoin. Il est \u00e9galement le seul au courant de l&rsquo;ensemble de sa situation afin de juger des meilleures d\u00e9cisions \u00e0 prendre. Le planificateur financier est la personne-cl\u00e9 poss\u00e9dant la formation de niveau universitaire [&hellip;]<\/p>\n","protected":false},"author":1,"featured_media":0,"parent":0,"menu_order":0,"comment_status":"closed","ping_status":"closed","template":"","meta":{"footnotes":""},"yoast_head":"<!-- This site is optimized with the Yoast SEO plugin v22.8 - https:\/\/yoast.com\/wordpress\/plugins\/seo\/ -->\n<title>Accueil - Plani-Phare inc.<\/title>\n<meta name=\"description\" content=\"Planificateurs financier \u00e0 Cap-Rouge dans la ville de Qu\u00e9bec. Planification financi\u00e8re , l\u00e9gal, fiscal et n\u00e9gociation des transactions.\" \/>\n<meta name=\"robots\" content=\"index, follow, max-snippet:-1, max-image-preview:large, max-video-preview:-1\" \/>\n<link rel=\"canonical\" href=\"https:\/\/planiphare.com\/\" \/>\n<meta property=\"og:locale\" content=\"fr_FR\" \/>\n<meta property=\"og:type\" content=\"article\" \/>\n<meta property=\"og:title\" content=\"Accueil - Plani-Phare inc.\" \/>\n<meta property=\"og:description\" content=\"Planificateurs financier \u00e0 Cap-Rouge dans la ville de Qu\u00e9bec. Planification financi\u00e8re , l\u00e9gal, fiscal et n\u00e9gociation des transactions.\" \/>\n<meta property=\"og:url\" content=\"https:\/\/planiphare.com\/\" \/>\n<meta property=\"og:site_name\" content=\"Plani-Phare inc.\" \/>\n<meta property=\"article:modified_time\" content=\"2025-10-06T17:44:44+00:00\" \/>\n<meta property=\"og:image\" content=\"http:\/\/planiphare.com\/wp-content\/uploads\/2024\/04\/fiscalite-plani-phare.jpg\" \/>\n<meta name=\"twitter:card\" content=\"summary_large_image\" \/>\n<meta name=\"twitter:label1\" content=\"Dur\u00e9e de lecture estim\u00e9e\" \/>\n\t<meta name=\"twitter:data1\" content=\"3 minutes\" \/>\n<script type=\"application\/ld+json\" class=\"yoast-schema-graph\">{\"@context\":\"https:\/\/schema.org\",\"@graph\":[{\"@type\":\"WebPage\",\"@id\":\"https:\/\/planiphare.com\/\",\"url\":\"https:\/\/planiphare.com\/\",\"name\":\"Accueil - Plani-Phare inc.\",\"isPartOf\":{\"@id\":\"https:\/\/planiphare.com\/#website\"},\"primaryImageOfPage\":{\"@id\":\"https:\/\/planiphare.com\/#primaryimage\"},\"image\":{\"@id\":\"https:\/\/planiphare.com\/#primaryimage\"},\"thumbnailUrl\":\"http:\/\/planiphare.com\/wp-content\/uploads\/2024\/04\/fiscalite-plani-phare.jpg\",\"datePublished\":\"2024-04-19T14:55:57+00:00\",\"dateModified\":\"2025-10-06T17:44:44+00:00\",\"description\":\"Planificateurs financier \u00e0 Cap-Rouge dans la ville de Qu\u00e9bec. Planification financi\u00e8re , l\u00e9gal, fiscal et n\u00e9gociation des transactions.\",\"breadcrumb\":{\"@id\":\"https:\/\/planiphare.com\/#breadcrumb\"},\"inLanguage\":\"fr-FR\",\"potentialAction\":[{\"@type\":\"ReadAction\",\"target\":[\"https:\/\/planiphare.com\/\"]}]},{\"@type\":\"ImageObject\",\"inLanguage\":\"fr-FR\",\"@id\":\"https:\/\/planiphare.com\/#primaryimage\",\"url\":\"http:\/\/planiphare.com\/wp-content\/uploads\/2024\/04\/fiscalite-plani-phare.jpg\",\"contentUrl\":\"http:\/\/planiphare.com\/wp-content\/uploads\/2024\/04\/fiscalite-plani-phare.jpg\"},{\"@type\":\"BreadcrumbList\",\"@id\":\"https:\/\/planiphare.com\/#breadcrumb\",\"itemListElement\":[{\"@type\":\"ListItem\",\"position\":1,\"name\":\"Accueil\",\"item\":\"https:\/\/planiphare.com\/\"},{\"@type\":\"ListItem\",\"position\":2,\"name\":\"Accueil\"}]},{\"@type\":\"WebSite\",\"@id\":\"https:\/\/planiphare.com\/#website\",\"url\":\"https:\/\/planiphare.com\/\",\"name\":\"Plani-Phare inc.\",\"description\":\"\",\"publisher\":{\"@id\":\"https:\/\/planiphare.com\/#organization\"},\"potentialAction\":[{\"@type\":\"SearchAction\",\"target\":{\"@type\":\"EntryPoint\",\"urlTemplate\":\"https:\/\/planiphare.com\/?s={search_term_string}\"},\"query-input\":\"required name=search_term_string\"}],\"inLanguage\":\"fr-FR\"},{\"@type\":\"Organization\",\"@id\":\"https:\/\/planiphare.com\/#organization\",\"name\":\"Plani-Phare inc.\",\"url\":\"https:\/\/planiphare.com\/\",\"logo\":{\"@type\":\"ImageObject\",\"inLanguage\":\"fr-FR\",\"@id\":\"https:\/\/planiphare.com\/#\/schema\/logo\/image\/\",\"url\":\"https:\/\/planiphare.com\/wp-content\/uploads\/2024\/04\/logo-plani-phare-new.png\",\"contentUrl\":\"https:\/\/planiphare.com\/wp-content\/uploads\/2024\/04\/logo-plani-phare-new.png\",\"width\":580,\"height\":151,\"caption\":\"Plani-Phare inc.\"},\"image\":{\"@id\":\"https:\/\/planiphare.com\/#\/schema\/logo\/image\/\"}}]}<\/script>\n<!-- \/ Yoast SEO plugin. -->","yoast_head_json":{"title":"Accueil - Plani-Phare inc.","description":"Planificateurs financier \u00e0 Cap-Rouge dans la ville de Qu\u00e9bec. Planification financi\u00e8re , l\u00e9gal, fiscal et n\u00e9gociation des transactions.","robots":{"index":"index","follow":"follow","max-snippet":"max-snippet:-1","max-image-preview":"max-image-preview:large","max-video-preview":"max-video-preview:-1"},"canonical":"https:\/\/planiphare.com\/","og_locale":"fr_FR","og_type":"article","og_title":"Accueil - Plani-Phare inc.","og_description":"Planificateurs financier \u00e0 Cap-Rouge dans la ville de Qu\u00e9bec. Planification financi\u00e8re , l\u00e9gal, fiscal et n\u00e9gociation des transactions.","og_url":"https:\/\/planiphare.com\/","og_site_name":"Plani-Phare inc.","article_modified_time":"2025-10-06T17:44:44+00:00","og_image":[{"url":"http:\/\/planiphare.com\/wp-content\/uploads\/2024\/04\/fiscalite-plani-phare.jpg"}],"twitter_card":"summary_large_image","twitter_misc":{"Dur\u00e9e de lecture estim\u00e9e":"3 minutes"},"schema":{"@context":"https:\/\/schema.org","@graph":[{"@type":"WebPage","@id":"https:\/\/planiphare.com\/","url":"https:\/\/planiphare.com\/","name":"Accueil - Plani-Phare inc.","isPartOf":{"@id":"https:\/\/planiphare.com\/#website"},"primaryImageOfPage":{"@id":"https:\/\/planiphare.com\/#primaryimage"},"image":{"@id":"https:\/\/planiphare.com\/#primaryimage"},"thumbnailUrl":"http:\/\/planiphare.com\/wp-content\/uploads\/2024\/04\/fiscalite-plani-phare.jpg","datePublished":"2024-04-19T14:55:57+00:00","dateModified":"2025-10-06T17:44:44+00:00","description":"Planificateurs financier \u00e0 Cap-Rouge dans la ville de Qu\u00e9bec. Planification financi\u00e8re , l\u00e9gal, fiscal et n\u00e9gociation des transactions.","breadcrumb":{"@id":"https:\/\/planiphare.com\/#breadcrumb"},"inLanguage":"fr-FR","potentialAction":[{"@type":"ReadAction","target":["https:\/\/planiphare.com\/"]}]},{"@type":"ImageObject","inLanguage":"fr-FR","@id":"https:\/\/planiphare.com\/#primaryimage","url":"http:\/\/planiphare.com\/wp-content\/uploads\/2024\/04\/fiscalite-plani-phare.jpg","contentUrl":"http:\/\/planiphare.com\/wp-content\/uploads\/2024\/04\/fiscalite-plani-phare.jpg"},{"@type":"BreadcrumbList","@id":"https:\/\/planiphare.com\/#breadcrumb","itemListElement":[{"@type":"ListItem","position":1,"name":"Accueil","item":"https:\/\/planiphare.com\/"},{"@type":"ListItem","position":2,"name":"Accueil"}]},{"@type":"WebSite","@id":"https:\/\/planiphare.com\/#website","url":"https:\/\/planiphare.com\/","name":"Plani-Phare inc.","description":"","publisher":{"@id":"https:\/\/planiphare.com\/#organization"},"potentialAction":[{"@type":"SearchAction","target":{"@type":"EntryPoint","urlTemplate":"https:\/\/planiphare.com\/?s={search_term_string}"},"query-input":"required name=search_term_string"}],"inLanguage":"fr-FR"},{"@type":"Organization","@id":"https:\/\/planiphare.com\/#organization","name":"Plani-Phare inc.","url":"https:\/\/planiphare.com\/","logo":{"@type":"ImageObject","inLanguage":"fr-FR","@id":"https:\/\/planiphare.com\/#\/schema\/logo\/image\/","url":"https:\/\/planiphare.com\/wp-content\/uploads\/2024\/04\/logo-plani-phare-new.png","contentUrl":"https:\/\/planiphare.com\/wp-content\/uploads\/2024\/04\/logo-plani-phare-new.png","width":580,"height":151,"caption":"Plani-Phare inc."},"image":{"@id":"https:\/\/planiphare.com\/#\/schema\/logo\/image\/"}}]}},"_links":{"self":[{"href":"https:\/\/planiphare.com\/index.php\/wp-json\/wp\/v2\/pages\/8"}],"collection":[{"href":"https:\/\/planiphare.com\/index.php\/wp-json\/wp\/v2\/pages"}],"about":[{"href":"https:\/\/planiphare.com\/index.php\/wp-json\/wp\/v2\/types\/page"}],"author":[{"embeddable":true,"href":"https:\/\/planiphare.com\/index.php\/wp-json\/wp\/v2\/users\/1"}],"replies":[{"embeddable":true,"href":"https:\/\/planiphare.com\/index.php\/wp-json\/wp\/v2\/comments?post=8"}],"version-history":[{"count":247,"href":"https:\/\/planiphare.com\/index.php\/wp-json\/wp\/v2\/pages\/8\/revisions"}],"predecessor-version":[{"id":689,"href":"https:\/\/planiphare.com\/index.php\/wp-json\/wp\/v2\/pages\/8\/revisions\/689"}],"wp:attachment":[{"href":"https:\/\/planiphare.com\/index.php\/wp-json\/wp\/v2\/media?parent=8"}],"curies":[{"name":"wp","href":"https:\/\/api.w.org\/{rel}","templated":true}]}}